-206601
Convert 4c8ceb (base 16) to base 8.
23106353
1016201 (base 7) to base 5
12402312
4013540 (base 6) to base 7
1414233
What is 360871 (base 14) in base 10?
1845635
-81595 (base 10) to base 6
-1425431
2149ad (base 14) to base 8
4231055
1581316 (base 12) to base 6
234134030
-1a8892 (base 12) to base 13
-136682
What is 60735 (base 8) in base 3?
1021100220
Convert 1011000000001100010 (base 2) to base 3.
200022120120
Convert 3104321204 (base 5) to base 3.
102220020221110
1870b (base 12) to base 6
432415
Convert -3233441422 (base 5) to base 3.
-111001102221002
What is -5620d (base 14) in base 9?
-347555
312532503 (base 6) to base 2
10100110011111001110111
-1011230 (base 5) to base 13
-7638
Convert -47270166 (base 8) to base 5.
-10120133232
Convert 4107534 (base 9) to base 16.
216c10
What is -20012111001 (base 3) in base 13?
-4375c
What is -111311242 (base 7) in base 11?
-38a7396
Convert -52556046 (base 7) to base 9.
-8333736
2824 (base 9) to base 15
96d
What is -2616159 (base 10) in base 15?
-36a259
Convert -a65a56 (base 15) to base 4.
-132030302202
What is 60346 (base 15) in base 5?
34220431
Convert 222493 (base 10) to base 3.
102022012111
Convert -2014142224 (base 5) to base 11.
-2318a37
93261 (base 11) to base 5
13323241
Convert 88200 (base 12) to base 5.
21230000
-36d41c (base 16) to base 14
-6976c4
Convert -20635402 (base 7) to base 16.
-1acf74
-33043653 (base 7) to base 12
-b48439
What is -2ecd (base 16) in base 6?
-131245
What is -2334443104 (base 5) in base 2?
-10100100100000001000100
Convert -26247 (base 13) to base 15.
-15e36
What is -89033 (base 12) in base 15?
-38b89
What is -519245 (base 10) in base 3?
-222101021022
Convert 111111111110000001101101 (base 2) to base 16.
ffe06d
12103104 (base 7) to base 11
675a66
Convert 1001001011101111010011 (base 2) to base 7.
26314412
-221221230310 (base 4) to base 11
-6188429
Convert -10c0c2 (base 14) to base 5.
-121232142
-313446 (base 9) to base 15
-3a2c6
What is 34414103 (base 6) in base 13?
2b1481
4444056 (base 7) to base 4
2011333221
-100000110010100101010 (base 2) to base 5
-233340344
Convert ef4d4 (base 16) to base 14.
1b72cc
-5e0716 (base 16) to base 14
-b659b0
What is 11431444 (base 5) in base 6?
2153422
What is 55332 (base 9) in base 10?
36722
11731860 (base 9) to base 2
10101111011100010000011
Convert -216688 (base 12) to base 11.
-331aa9
What is 153670 (base 10) in base 9?
253714
What is 3636b9 (base 12) in base 3?
1122120011020
What is 13552056 (base 7) in base 12?
514a09
-45244350 (base 6) to base 4
-11033220222
What is 1206410 (base 10) in base 13?
33316a
32416053 (base 7) to base 9
5203200
-5a24d1 (base 14) to base 2
-1011101111111000110111
What is -28009a0 (base 11) in base 13?
-1002905
Convert -242115 (base 7) to base 13.
-1701c
Convert 15323750 (base 9) to base 16.
74795a
-23a06c (base 13) to base 3
-1121012102200
What is -5524434 (base 6) in base 2?
-1000011010101000110
What is -101210011120 (base 3) in base 9?
-353146
Convert -42c67 (base 15) to base 6.
-4313411
What is -872718 (base 16) in base 5?
-4231413433
-d83654 (base 14) to base 3
-111202022102000
What is -4293a3 (base 12) in base 4?
-10001003223
-13023240 (base 5) to base 13
-4588a
Convert -1044220504 (base 6) to base 9.
-23408124
215326464 (base 7) to base 2
110001100101100100000001
37424760 (base 8) to base 13
193658c
Convert -1043 (base 5) to base 3.
-12111
Convert 1646782 (base 12) to base 5.
2132322034
What is ab904a (base 12) in base 6?
134320134
What is -153196 (base 11) in base 4?
-322032023
-22650 (base 9) to base 15
-4726
What is 10aa34 (base 13) in base 6?
12244404
What is -231221133 (base 4) in base 8?
-555137
What is 149b11 (base 12) in base 11?
219175
What is 232530 (base 14) in base 4?
10210111132
-604569 (base 10) to base 15
-be1e9
What is -37023 (base 16) in base 2?
-110111000000100011
Convert -6054423 (base 10) to base 9.
-12347086
d5226 (base 14) to base 7
4236146
11266243 (base 7) to base 12
3b9887
Convert -51b11 (base 14) to base 12.
-96003
What is -1010202221002 (base 3) in base 6?
-20552215
What is 2eda82 (base 15) in base 2?
1000101011000111010011
What is -130150 (base 8) in base 10?
-45160
What is -32b20 (base 16) in base 7?
-1523250
What is -11011010100011011 (base 2) in base 14?
-2cacb
What is -30002322300 (base 4) in base 14?
-5c2a88
59483 (base 11) to base 10
85759
Convert -3980a1 (base 14) to base 8.
-7435575
Convert 3224501 (base 6) to base 13.
5759b
What is 314812 (base 13) in base 2?
100011001011001010011
What is 1168861 (base 11) in base 8?
7601015
4f4ce (base 16) to base 15
66394
337134 (base 14) to base 2
110101010110011001010
What is -b74da (base 14) in base 5?
-103132020
What is -1235433 (base 6) in base 13?
-24861
-1600411 (base 8) to base 2
-1110000000100001001
Convert -2a67762 (base 12) to base 2.
-100000110011000101111010
Convert 48d8ee (base 15) to base 9.
6506158
What is 3239508 (base 10) in base 12?
1102870
Convert 100010000101101 (base 2) to base 6.
212445
Convert 12101202022022 (base 3) to base 7.
33245651
What is -2102121011 (base 4) in base 3?
-1010110112012
Convert 470185 (base 13) to base 16.
19b781
Convert -380d8a (base 14) to base 10.
-1923470
What is -10b75 (base 16) in base 2?
-10000101101110101
What is 34a05 (base 12) in base 11?
49020
Convert -21d0d0 (base 14) to base 16.
-118bde
What is 10534a (base 11) in base 3?
22112121210
Convert 352520042 (base 6) to base 2.
11001000100110100011010
Convert 87374 (base 9) to base 7.
330544
What is -1333714 (base 8) in base 5?
-43442412
Convert -760204 (base 9) to base 12.
-19a0b7
What is 2423432240 (base 5) in base 3?
101200220111201
44b20 (base 15) to base 12
a6549
Convert 20269 (base 13) to base 4.
32003023
2444224 (base 10) to base 7
26530006
20825738 (base 9) to base 16
997013
What is 170312 (base 12) in base 6?
12242022
Convert -9d61b (base 15) to base 10.
-500876
1366ee (base 15) to base 16
e3cd2
What is 11147 (base 8) in base 12?
2887
Convert 461605 (base 9) to base 4.
1003210232
34cc77 (base 14) to base 7
21215110
23110 (base 7) to base 9
8061
1973d (base 16) to base 13
385b6
Convert 51392 (base 12) to base 3.
12101100002
Convert 1010001100000011 (base 2) to base 5.
2313411
10100110100110111 (base 2) to base 5
10212203
Convert -41434403 (base 5) to base 10.
-343103
Convert 14366211 (base 7) to base 15.
1bd470
Convert 2315233 (base 6) to base 5.
12302414
24745 (base 8) to base 13
4b60
-a4b34 (base 13) to base 11
-192684
Convert -8af0f (base 16) to base 14.
-10b583
Convert 11468b (base 12) to base 7.
2233616
What is 13824748 (base 9) in base 11?
396a861
Convert 11011111111001100101110 (base 2) to base 7.
116234641
What is 1100313024 (base 5) in base 9?
4377240
What is -2410660 (base 9) in base 2?
-100111110111001000011
What is -121004 (base 5) in base 7?
-16063
Convert -a3b7 (base 13) to base 2.
-101100001100011
4522176 (base 9) to base 15
331a79
Convert 1033034 (base 5) to base 13.
81b6
-61148 (base 13) to base 12
-846a8
What is 60951 (base 10) in base 2?
1110111000010111
Convert 325a9 (base 11) to base 12.
23465
15503366 (base 9) to base 10
7737909
-948739 (base 10) to base 8
-3475003
Convert -6471a (base 14) to base 15.
-4be63
3892c (base 13) to base 15
210cd
-201220 (base 4) to base 10
-2152
What is 12115203 (base 6) in base 8?
1354763
Convert -5333406 (base 7) to base 11.
-4021a3
What is -378b74 (base 13) in base 14?
-269ca4
-83ab2a (base 14) to base 3
-22100221210021
What is -1112200220221 (base 3) in base 11?
-510750
-481127 (base 10) to base 16
-75767
What is -1110111220001 (base 3) in base 5?
-144342023
Convert 14161143 (base 8) to base 2.
1100001110001001100011
Convert -35704 (base 14) to base 16.
-1fd28
225154534 (base 6) to base 14
7a6bb4
What is c0d5b (base 15) in base 3?
1011000110112
Convert 2336520 (base 8) to base 12.
269468
Convert -37b73 (base 12) to base 13.
-28773
Convert 3502010 (base 6) to base 14.
494a2
-1102121212 (base 3) to base 8
-66775
Convert -b0b4b (base 13) to base 5.
-40103333
-6313b (base 13) to base 11
-111959
1001011110111011 (base 2) to base 9
58248
What is 10b274 (base 12) in base 13?
95110
Convert -749a4 (base 14) to base 7.
-2252364
Convert 2311320020 (base 4) to base 10.
744968
Convert 4539503 (base 12) to base 15.
1270c89
Convert -45321130 (base 7) to base 2.
-1111000001